ase 15?
6
What is 2 (base 7) in base 16?
2
-3 (base 16) to base 11
-3
3 (base 4) to base 7
3
-3 (base 12) to base 13
-3
What is -5 (base 13) in base 16?
-5
7 (base 14) to base 6
11
What is -2 (base 11) in base 4?
-2
Convert -18 (base 15) to base 4.
-113
Convert -ea (base 16) to base 10.
-234
-39 (base 11) to base 3
-1120
What is 4 (base 15) in base 16?
4
4 (base 7) to base 11
4
What is 13 (base 14) in base 15?
12
What is a (base 16) in base 12?
a
-2 (base 3) to base 15
-2
What is 0 (base 2) in base 5?
0
What is 1 (base 2) in base 9?
1
4 (base 15) to base 6
4
Convert -23 (base 14) to base 15.
-21
Convert -1 (base 11) to base 9.
-1
2 (base 4) to base 7
2
20 (base 3) to base 12
6
Convert 2 (base 11) to base 2.
10
-43 (base 10) to base 7
-61
0 (base 2) to base 7
0
-220 (base 3) to base 12
-20
What is 2100 (base 3) in base 8?
77
Convert 230 (base 4) to base 12.
38
-2 (base 8) to base 15
-2
What is 1 (base 15) in base 10?
1
Convert 0 (base 7) to base 2.
0
Convert 2 (base 13) to base 6.
2
Convert 2 (base 13) to base 10.
2
Convert 1 (base 16) to base 3.
1
426 (base 7) to base 11
187
Convert 100 (base 4) to base 14.
12
Convert -1 (base 7) to base 10.
-1
-14 (base 7) to base 2
-1011
Convert 1 (base 4) to base 9.
1
Convert -17 (base 16) to base 9.
-25
What is -33 (base 9) in base 11?
-28
11 (base 2) to base 11
3
What is 10 (base 10) in base 2?
1010
What is 121 (base 6) in base 10?
49
Convert -15 (base 9) to base 6.
-22
Convert -1112 (base 3) to base 6.
-105
10 (base 4) to base 14
4
What is -2 (base 4) in base 11?
-2
6b (base 13) to base 3
10022
What is -3 (base 5) in base 4?
-3
Convert 66 (base 7) to base 5.
143
Convert -2133 (base 4) to base 6.
-423
Convert 100 (base 4) to base 12.
14
Convert 3 (base 16) to base 13.
3
Convert 3b (base 12) to base 13.
38
What is -6 (base 14) in base 2?
-110
What is 12 (base 5) in base 6?
11
What is 8 (base 11) in base 14?
8
What is 7 (base 15) in base 5?
12
What is -13 (base 6) in base 7?
-12
What is -105 (base 12) in base 4?
-2111
Convert 50 (base 13) to base 9.
72
What is 1 (base 2) in base 11?
1
What is 2321 (base 4) in base 5?
1220
Convert 3 (base 15) to base 14.
3
What is -5 (base 13) in base 11?
-5
-17 (base 11) to base 15
-13
What is -1 (base 5) in base 8?
-1
Convert -13 (base 9) to base 16.
-c
0 (base 6) to base 2
0
Convert 15 (base 8) to base 16.
d
65 (base 7) to base 2
101111
What is -166 (base 7) in base 13?
-76
What is 22 (base 4) in base 13?
a
2 (base 14) to base 10
2
What is 1 (base 11) in base 15?
1
-1 (base 10) to base 2
-1
What is 10 (base 6) in base 13?
6
0 (base 6) to base 14
0
What is 0 (base 15) in base 3?
0
What is 4 (base 9) in base 10?
4
What is -7 (base 15) in base 10?
-7
-12 (base 12) to base 3
-112
What is -1 (base 2) in base 10?
-1
-10222 (base 3) to base 13
-83
57 (base 11) to base 6
142
11 (base 2) to base 11
3
Convert -2121 (base 4) to base 7.
-306
What is -261 (base 7) in base 5?
-1031
202 (base 5) to base 8
64
What is 2110 (base 3) in base 2?
1000010
Convert 1 (base 3) to base 12.
1
-27 (base 8) to base 4
-113
-155 (base 6) to base 8
-107
31 (base 4) to base 11
12
-236 (base 13) to base 12
-27b
Convert -11 (base 3) to base 6.
-4
-2 (base 8) to base 4
-2
2221 (base 4) to base 12
121
What is 52 (base 11) in base 15?
3c
-12 (base 14) to base 11
-15
Convert 3 (base 15) to base 2.
11
Convert -67 (base 15) to base 4.
-1201
What is 2 (base 4) in base 3?
2
What is -1a (base 15) in base 13?
-1c
Convert 26 (base 12) to base 9.
33
What is -1 (base 6) in base 4?
-1
What is 17 (base 10) in base 15?
12
-45 (base 13) to base 2
-111001
-3 (base 5) to base 13
-3
What is -3e (base 16) in base 13?
-4a
Convert b (base 14) to base 2.
1011
5a (base 14) to base 10
80
-6 (base 14) to base 10
-6
Convert 2010 (base 3) to base 14.
41
What is -4 (base 14) in base 6?
-4
What is 5 (base 13) in base 10?
5
Convert 27 (base 14) to base 5.
120
-212 (base 3) to base 7
-32
Convert 15 (base 13) to base 4.
102
-2 (base 16) to base 13
-2
-8 (base 11) to base 12
-8
What is -5 (base 15) in base 13?
-5
What is -35 (base 15) in base 5?
-200
What is 1123 (base 4) in base 12?
77
Convert 0 (base 8) to base 6.
0
What is -15 (base 15) in base 16?
-14
What is -1 (base 6) in base 2?
-1
Convert -201 (base 5) to base 14.
-39
Convert -3 (base 6) to base 9.
-3
What is 5 (base 6) in base 11?
5
What is 2 (base 13) in base 2?
10
Convert -35 (base 9) to base 11.
-2a
Convert 3 (base 13) to base 11.
3
What is -1010 (base 4) in base 7?
-125
-40 (base 8) to base 10
-32
What is -2 (base 15) in base 5?
-2
-1 (base 5) to base 7
-1
What is 36 (base 9) in base 2?
100001
Convert -3 (base 4) to base 2.
-11
What is 11111 (base 3) in base 4?
1321
What is a2 (base 11) in base 3?
11011
-2 (base 15) to base 16
-2
-2 (base 6) to base 3
-2
What is 10 (base 3) in base 10?
3
What is -143 (base 10) in base 13?
-b0
51 (base 16) to base 15
56
Convert 81 (base 11) to base 5.
324
-232 (base 6) to base 9
-112
What is -10 (base 10) in base 7?
-13
Convert 3 (base 14) to base 8.
3
What is -3 (base 14) in base 12?
-3
What is b (base 15) in base 10?
11
Convert 42 (base 5) to base 7.
31
-11 (base 2) to base 3
-10
-100 (base 3) to base 11
-9
Convert -11 (base 6) to base 4.
-13
40 (base 6) to base 2
11000
What is 4 (base 6) in base 8?
4
Convert -a (base 15) to base 4.
-22
What is -10 (base 2) in base 13?
-2
What is -216 (base 8) in base 15?
-97
14 (base 15) to base 16
13
What is 46 (base 12) in base 14?
3c
What is 70 (base 10) in base 3?
2121
What is -16 (base 7) in base 14?
-d
Convert -15 (base 14) to base 12.
-17
What is 6 (base 7) in base 2?
110
13 (base 6) to base 16
9
Convert 4 (base 11) to base 2.
100
-61 (base 13) to base 3
-2221
Convert 1 (base 2) to base 8.
1
What is 0 (base 9) in base 12?
0
-27 (base 8) to base 10
-23
-1 (base 13) to base 14
-1
-23 (base 7) to base 3
-122
What is -11 (base 2) in base 15?
-3
1000 (base 2) to base 13
8
What is -16 (base 7) in base 14?
-d
What is -105 (base 16) in base 14?
-149
What is 2 (base 7) in base 12?
2
Convert 1 (base 11) to base 6.
1
8 (base 16) to base 2
1000
What is -130 (base 4) in base 2?
-11100
-3 (base 4) to base 16
-3
What is 152 (base 6) in base 15?
48
Convert -16 (base 16) to base 9.
-24
-222 (base 5) to base 7
-116
6 (base 8) to base 2
110
Convert -10 (base 3) to base 14.
-3
-11 (base 3) to base 14
-4
ab (base 16) to base 10
171
What is 8 (base 13) in base 15?
8
What is -2b (base 14) in base 16?
-27
56 (base 9) to base 6
123
Convert -20 (base 5) to base 8.
-12
Convert 350 (base 7) to base 6.
502
Convert -2 (base 7) to base 2.
-10
Convert 10 (base 5) to base 3.
12
Convert -5 (base 14) to base 2.
-101
Convert 110100 (base 2) to base 7.
103
What is -13 (base 5) in base 8?
-10
Convert -3 (base 5) to base 8.
-3
Convert -57 (base 9) to base 16.
-34
What is -2 (base 3) in base 4?
-2
11 (base 12) to base 7
16
Convert 5 (base 8) to base 5.
10
What is 1 (base 13) in base 3?
1
What is -9 (base 16) in base 4?
-21
Convert -128 (base 10) to base 12.
-a8
-78 (base 12) to base 11
-84
44 (base 6) to base 8
34
Convert -13 (base 8) to base 16.
-b
Convert 2a (base 14) to base 11.
35
Convert 6 (base 11) to base 14.
6
a (base 11) to base 2
1010
What is -12 (base 3) in base 15?
-5
Convert -210 (base 8) to base 11.
-114
45 (base 6) to base 16
1d
What is -15 (base 16) in base 12?
-19
1 (base 11) to base 7
1
Convert c (base 16) to base 3.
110
Convert -150 (base 7) to base 9.
-103
Convert 241 (base 5) to base 4.
1013
Convert 11000 (base 2) to base 8.
30
9 (base 16) to base 2
1001
0 (base 6) to base 3
0
What is 1 (base 4) in base 16?
1
What is -5 (base 14) in base 10?
-5
Convert 27 (base 8) to base 3.
212
What is -3 (base 6) in base 11?
-3
-134 (base 6) to base 15
-3d
What is 9 (base 16) in base 2?
1001
Convert -223 (base 5) to base 13.
-4b
What is -21010 (base 3) in base 6?
-520
0 (base 4) to base 11
0
Convert 17 (base 9) to base 11.
15
20 (base 8) to base 4
100
What is 7 (base 9) in base 14?
7
Convert -6 (base 12) to base 10.
-6
-77 (base 12) to base 11
-83
3 (base 16) to base 2
11
-89 (base 11) to base 14
-6d
Convert 32 (base 8) to base 3.
222
2 (base 13) to base 9
2
What is 12a (base 11) in base 14?
ad
Convert -160 (base 7) to base 11.
-83
What is 1 (base 16) in base 9?
1
What is 11 (base 5) in base 8?
6
-160 (base 7) to base 14
-67
What 